 second derivative of f(a). What is y(4)?
0
Let c(b) = 13*b**2 + 2*b - 1. Let h be c(1). Let i be 6/(-21) + (-38)/h. Let y(v) = -v**3 - 2*v**2 + 3*v + 4. Calculate y(i).
4
Let g(t) = 3*t + t**2 - 7*t - 3 + 3. Suppose 0 = 2*i + 6, 5*i = -5*u + 20. Suppose 0 = -h - 1, -4*q = -3*q - 3*h - u. What is g(q)?
0
Suppose -4*m = -5*s + 11, 0 = s + 3*s - m - 11. Let t(o) = -2 - 1 - 2*o + 4*o. Determine t(s).
3
Let l(j) be the first derivative of -5*j**2 + j + 17. Give l(-2).
21
Let y = 2 - 0. Let m(u) = -8*u + 1. Calculate m(y).
-15
Let o = -3 - -2. Let g(x) = x**2 + x - 1. Calculate g(o).
-1
Let q(y) = -9 - 7*y + 8*y + 10. What is q(-3)?
-2
Let u(d) = -d**2 - 7*d + 19. Let r be u(-9). Let g(p) = 5*p**2 - p + 1. Give g(r).
5
Let u(n) = 21*n + 1. Suppose -2 = 3*q + 1. Determine u(q).
-20
Let j(p) = 2*p + 4. Let d(t) = 3*t + 7. Let x(b) = -4*d(b) + 7*j(b). Give x(3).
6
Let j(l) be the third derivative of 0*l + 0 - 1/12*l**4 - 1/60*l**5 - 1/2*l**3 + 4*l**2. Let i = 0 + -3. What is j(i)?
-6
Let h(m) be the first derivative of -2*m - 1 + 0*m**2 - 2 + m**2 + 0*m**2. Give h(4).
6
Suppose d + d = -10. Let h(u) be the second derivative of -u**4/12 - 5*u**3/6 - u**2 + u. Give h(d).
-2
Let l(x) = -x**2 - 6*x + 22. Let j be l(-9). Let p(b) = b**3 + 5*b**2 - 2. Calculate p(j).
-2
Let i = -92 + 189/2. Let t(b) be the second derivative of i*b**2 - b - 1/12*b**4 - 1/6*b**3 + 0. Determine t(0).
5
Let o(x) = 18*x - 45*x + 2 + 8*x + 17*x. Calculate o(2).
-2
Let z(f) be the first derivative of f**5/6 - 3*f**2/2 + 2. Let n(j) be the second derivative of z(j). What is n(1)?
10
Let o(b) = b**3 - 6*b**2 - 2*b + 3. Suppose 0 = 15*x - 19*x + 24. Give o(x).
-9
Let w(q) = -q**2 + 3*q + 4. Suppose 81*r - 9 = 78*r. Determine w(r).
4
Let z(i) = -10*i + 6*i**3 + 10*i - 5*i**3. What is z(0)?
0
Let a = 11 + -9. Let t(u) = -4*u + 3*u - 2*u**2 - 2*u**2 + u**a - u**3. Give t(-3).
3
Let q(g) be the second derivative of -1/6*g**4 - 2*g + 0 - 1/6*g**3 - g**2. Let o(y) be the first derivative of q(y). Give o(-1).
3
Let k be 2/10 + 102/(-720). Let p(j) be the third derivative of 0*j**4 + 0 + 0*j + k*j**6 - 1/60*j**5 + 0*j**3 + j**2. Calculate p(-1).
-8
Suppose -i = -d + i - 1, -4*i = -8. Let s(h) be the third derivative of 0*h + 0*h**3 + 0 - 1/12*h**4 + h**2. Calculate s(d).
-6
Let m(z) = -6*z. Let w be (-4)/(-14) - 80/(-14). Suppose n = -5*f + 6*n + 40, -n + 20 = 3*f. Let d = w - f. Calculate m(d).
6
Let r(l) = 0 - 1 + 3*l - 3*l + 3*l**2. Let j be r(-1). Let u(w) = -5*w**2 + 2*w**2 + j + 4*w**2 - w**3. Calculate u(0).
2
Let i(b) be the second derivative of -b**7/2520 - b**6/180 - 5*b**4/6 + 3*b. Let h(o) be the third derivative of i(o). Determine h(-3).
3
Let j(x) = 4 - 10*x + 4*x + 4*x. Give j(3).
-2
Let x be 76/(-7) - (45/21 + -2). Let n(u) = u + 4. Calculate n(x).
-7
Suppose -2*g + 4 = -2. Let j(f) = -1 - 3*f + f**2 + 3*f. Let q(a) = 4*a**2 - 2*a - 2. Let s(v) = g*j(v) - q(v). Give s(1).
0
Let t(v) be the first derivative of -v**4/4 - 7*v**3/3 - 7*v**2/2 + 6. Suppose -3*p - 15 = 4*w, -4*p + 3*p = -4*w - 27. Determine t(w).
6
Let c be (-16)/14*14/(-4). Let a(s) = 10*s**2 - 18*s + 25. Let b(p) = 3*p**2 - 6*p + 8. Let g(i) = 2*a(i) - 7*b(i). Give g(c).
2
Let x(a) be the second derivative of a**2 + 1/6*a**3 + 0 + 3*a. Determine x(5).
7
Let u(s) = -s**2 - 3*s - 17. Let q(m) = 3*m**2 + 7*m + 35. Let d(j) = -2*q(j) - 5*u(j). Determine d(0).
15
Suppose 28 = 13*x - 9*x. Let w(u) = -u**2 + 7*u + 1. Determine w(x).
1
Suppose 10*i - 5*i = 10. Let f(h) = -13*h + 19*h - 2*h**2 + 7 + 3*h**i. What is f(-6)?
7
Suppose -n + 2*n = -1. Let o(i) be the second derivative of -5*i**4/12 - i**3/6 - i**2/2 - i. Give o(n).
-5
Suppose -5*u - 8 - 4 = -t, 3*u - 3 = 4*t. Let l(k) = -k**2 - 4*k - 1. Let z be l(t). Let n(s) = s - s + 1 + z*s. Calculate n(-1).
-1
Let z(c) = -c**3 - c. Let b be 0/7 + 4*-2. Let d = 6 + b. Give z(d).
10
Suppose 3 = -2*h + r - 0, r + 1 = 0. Let g(d) = -31 + 3*d + 4*d**2 + 31 + 2*d**3. What is g(h)?
-6
Let k(w) = -3*w - 3*w - 3*w**2 + 4*w - 4 + 4*w**2. Determine k(6).
20
Suppose -22 = -2*i + 2. Suppose j - i = -j. Let r(l) = -l. Determine r(j).
-6
Let i be 84/15 + (-4)/(-10). Suppose -2 = s - i. Let r(o) = 2*o - 5. Let m be r(s). Let q(d) = d - 3. What is q(m)?
0
Let o = 13 - 8. Suppose p = -o*l - 14, 4*l - 5*p = -0*p - 17. Let n(b) = b**3 + 2*b**2 - 2*b - 2. Give n(l).
-5
Let d be (-20)/4 - -1 - -8. Let x(t) be the second derivative of 3*t + 2/3*t**3 - t**2 + 0 - 1/4*t**d + 1/20*t**5. Determine x(2).
2
Let d(t) be the second derivative of t**4/12 + t**3/6 + t**2/2 - t. Let k(o) = -o**3 - 16*o**2 + o + 15. Let m be k(-16). Calculate d(m).
1
Suppose 5*r + 4*w - 67 = 0, 70 = 4*r - 8*w + 3*w. Let x = r - 10. Let n(y) = -2*y. Determine n(x).
-10
Let m be 11/(-3) + 1 - 4/12. Let w(f) = -f - 1. Determine w(m).
2
Let z(j) = 2*j - 2. Let o(i) = -5*i + 4. Let q(n) = 3*o(n) + 7*z(n). Calculate q(-6).
4
Let q(t) = 10*t + 1. Let k(v) = 29*v + 3. Let s(u) = 6*k(u) - 17*q(u). Let y(n) = 3*n + 1. Let j be (6/(-4))/(3/4). Let a(l) = j*s(l) + 3*y(l). Determine a(-5).
-4
Let s be 2/9 - (-47)/(-9). Let j(c) = c + 1. Let x(z) = z**3 + 5*z**2 + 5*z + 6. Let d = 7 - 6. Let g(b) = d*x(b) - 4*j(b). What is g(s)?
-3
Let m(c) = 7*c**3 - 9*c**2 + 6*c - 1. Let u(x) = -6*x**3 + 8*x**2 - 5*x + 1. Let l(b) = -5*m(b) - 6*u(b). Determine l(3).
-1
Let a(j) = -j**2 + 3*j + 3. Let s be a(3). Let k(h) = h**3 - h**2 - 2*h - 2. Give k(s).
10
Let j(r) = 6*r + 3 - 4*r - 6*r + r**2 - 2*r. Determine j(6).
3
Let p(l) = -11*l**2 - 9*l + 7. Let a(h) = 5*h**2 + 4*h - 3. Let b(k) = -k**3 + 4*k**2 - 3*k - 4. Let o be b(3). Let g(w) = o*p(w) - 9*a(w). What is g(2)?
-5
Let f(h) = -h**2 - 5*h - 3. Suppose 2*u = u. Let r(a) = u*a - 7*a**2 - a**3 - 3*a + 7 - a. Let q be r(-6). Give f(q).
-3
Let i(n) = 11*n**2. Suppose -10*j = -29 + 19. Give i(j).
11
Let r(u) = u**3 - 3*u**2 + 3. Let w(g) = g**2 - 9*g - 19. Let m be w(11). What is r(m)?
3
Let t be 6/(-14) + 76/14. Let j = 6 - 1. Let c(h) = h - 2 - j + t. Calculate c(5).
3
Let y(g) = -g**2 - g + 2. Let i(m) = m**2 - m - 3. Let w be i(3). Determine y(w).
-10
Let r(l) be the second derivative of -l**4/12 + 7*l**3/6 - l**2 - 9*l. What is r(6)?
4
Suppose -7*z + 3*z = -320. Let x be (-8)/(-28) + z/14. Let y(c) = x*c - 3 + 7*c**2 - 2*c**3 - 5*c**2 - 8*c**2 + 3*c**3. What is y(5)?
2
Suppose -s = -5*b + 2 + 14, 0 = 3*b + 3*s - 6. Let w(u) = -1 - b + 6*u + u - 5*u**2 + 4*u**2. Give w(3).
8
Let w be (12/10)/((-6)/20). Let q(y) be the second derivative of y**3/3 + y**2/2 - 2*y. Calculate q(w).
-7
Let j(v) = -v + 2*v - 4*v + 2*v + 2. Let m be j(-2). Let d(t) = -9 + 4 + t - m. Calculate d(4).
-5
Let f be 12/(-9) - 2/3. Let u(h) be the second derivative of 1/2*h**2 - h + 0 - 1/6*h**3. Give u(f).
3
Let c(s) = 1 + 4*s - 1 + 1 - 7*s. Suppose -9 = -h - 5*r, -5*r = -3*h + 4 + 3. Suppose b = -3 + h. What is c(b)?
-2
Suppose 0 = -3*q + 8*q - 60. Suppose -4*k = 0, -3*o - o = -4*k + q. Let a(n) = 2*n**2 + 4*n + 4. Calculate a(o).
10
Let w(r) = r**3 + 22*r**2 - 23*r + 3. Let g be w(-23). Let a(x) be the first derivative of -5/2*x**2 + g - 1/3*x**3 + 4*x. What is a(-5)?
4
Let y(d) be the first derivative of d**3/3 - d**2/2 + 5*d - 91. Suppose -2 = 3*j - 5. Let f = -1 + j. Give y(f).
5
Let o(j) = 0*j**2 + 0*j**2 + 0*j**2 - j**2 - 3 - 6*j. Give o(-5).
2
Suppose -7*u + 5*u - 10 = 0. Let q(t) = 6*t**3 + 10*t**2 - 10*t - 8. Let v(z) = 5*z**3 + 9*z**2 - 9*z - 7. Let x(y) = u*v(y) + 4*q(y). Give x(-6).
9
Let j be (-114)/(-27) + 6/(-27). Let a(v) be the third derivative of 1/8*v**4 + 0 - 5/6*v**3 + 0*v - v**2. What is a(j)?
7
Suppose 3*d = 2*a + 35, -20 = 4*d - 5*a - 76. Suppose 4*u = -3*i - d, 3*i = -2*u - 0 + 3. Let n(g) = g + 3. What is n(u)?
-3
Let v(b) be the first derivative of -b**4/8 - 2*b**3/3 + 2*b**2 + 4. Let n(l) be the second derivative of v(l). What is n(-4)?
8
Let h(v) be the third derivative of 1/120*v**6 + 0 - v**2 - 1/12*v**4 - 1/20*v**5 + 0*v - 1/6*v**3. Suppose -5*l + l + 12 = 0. Calculate h(l).
-7
Suppose 0*r = -r + 5*m - 16, -2*m = 4*r - 24. Let q(p) = p**2 - 3*p + 2. What is q(r)?
6
Let f be (30/60)/(1 - 0). Let m(z) be the second derivative of f*z**2 + 1/12*z**4 + 0 - z + 1/3*z**3. Calculate m(-3).
4
Let r(l) = l - 14. Suppose 4*w - f = 0, -2*w + 3*f - 4*f = 0. Give r(w).
-14
Let w(c) = 4*c**2 - 6*c + 1. 